{"id":138,"date":"2021-07-04T11:33:46","date_gmt":"2021-07-04T09:33:46","guid":{"rendered":"https:\/\/tierarzt-harz.de\/?page_id=138"},"modified":"2022-10-18T08:23:48","modified_gmt":"2022-10-18T06:23:48","slug":"leistungen","status":"publish","type":"page","link":"https:\/\/tierarzt-harz.de\/?page_id=138","title":{"rendered":"Leistungen"},"content":{"rendered":"<div  data-label=\"About\" data-id=\"about--1\" data-export-id=\"about-10\" data-category=\"about\" class=\"about-10 content-section content-section-spacing\" id=\"about-1\" style=\"background-color: rgb(255, 255, 255);\"><div  class=\"gridContainer\"> <div  class=\"row middle-sm text-center\"><div  class=\"col-sm-5 space-bottom-xs content-column\" data-type=\"column\"> <h5  class=\"\">UNSER LEISTUNGSSPEKTRUM<\/h5> <h2  class=\"\" style=\"border-bottom-color: rgb(100, 171, 40);\">Mit aktueller Technologie und<br > <span  style=\"font-family: Playfair Display,sans-serif; font-weight: 700; font-style: italic;\" href=\"#\">fundierten Kenntnissen&nbsp;<\/span><span  href=\"#\">f\u00fcr Sie im Einsatz<\/span><span  style=\"font-family: Playfair Display,sans-serif; font-weight: 700; font-style: italic;\" href=\"#\"><\/span><\/h2> <p  class=\"\">Regelm\u00e4\u00dfigen Weiterbildungen sowie aktuelle Behandlungsmethoden &amp; Technologien erm\u00f6glichen eine umfassende Behandlung unserer Patienten.<\/p> <\/div> <div  class=\"col-sm-7 flexbox middle-xs center-xs space-bottom-xs\"><div  class=\"overlay-box middle-xs center-xs flexbox\"> <div  class=\"overlay-box-offset offset-border shadow-medium border-color1 hide-xs\"><\/div> <img decoding=\"async\"  class=\"shadow-large\" data-size=\"485x705\" src=\"https:\/\/tierarzt-harz.de\/wp-content\/uploads\/2021\/09\/45-Team-45-von-65_c.jpg\" title=\"Leistungen\" alt=\"Leistungen\"><\/div> <\/div><\/div> <\/div><\/div><div  data-label=\"Zuchtberatung\" data-id=\"content--1\" data-export-id=\"content-5\" data-category=\"content\" class=\"content-5 content-section content-section-spacing\" id=\"zuchtberatung\" style=\"background-color: rgb(245, 250, 253);\"><div  class=\"gridContainer\"> <div  class=\"row text-center\"><div  class=\"section-title-col\" data-type=\"column\"> <h2  class=\"\" style=\"border-bottom-color: rgb(100, 171, 40);\">Zuchtberatung und Betreuung von Deckakt bis Geburt oder Kaiserschnitt<\/h2> <p  class=\"lead\">Durch langj\u00e4hrige Betreuung vieler verschiedener Z\u00fcchter:innen unterschiedlichster Rassen sind wir zu einer beliebten und gesch\u00e4tzten Anlaufstelle f\u00fcr Z\u00fcchter:innen aus der Region und auch \u00fcberregional geworden.<\/p><\/div> <\/div> <div  class=\"row middle-sm\"> <div  class=\"col-sm-6 space-bottom-xs\"> <div  class=\"row space-bottom content-holder\" data-type=\"column\"> <h3  class=\"color2\">Verl\u00e4ssliche Diagnostik\n<br >innerhalb weniger Minuten<\/h3> <p  class=\"\">Wir bestimmen in unserer Praxis&nbsp;innerhalb weniger Minuten den aktuellen Progesteronwert, f\u00fchren Vaginalzytologien im Haus durch und k\u00f6nnen die H\u00fcndinnen nat\u00fcrlich auch w\u00e4hrend der Tr\u00e4chtigkeit dank modernster digitaler R\u00f6ntgentechnologie und neuem mobilem Ultraschallger\u00e4t bestens versorgen.\n<br >Besonders hervorzuheben ist, dass wir dank neuester Technik mit unserem <span  style=\"font-weight: 600;\">Catalyst One<\/span> Progesteron, SDMA, T4 etc. <span  style=\"font-weight: 600;\">direkt vor Ort und innerhalb kurzer Zeit<\/span> bestimmen k\u00f6nnen.<\/p><\/div> <div  class=\"row space-bottom\" data-type=\"row\"><div  class=\"col-sm-6 space-bottom\">   <h5  class=\"\">Zuchtzulassung<\/h5><p  class=\"\">Wir sind eingetragener R\u00f6ntgentierarzt f\u00fcr Zuchtzulassungsrelevante HD \/ ED-Untersuchungen, samt online \u00dcbermittlung an die zust\u00e4ndigen Gutachter.<\/p><\/div> <div  class=\"col-sm-6\"> <h5  class=\"\">Welpen in besten H\u00e4nden<\/h5> <p  class=\"\">Zur Betreuung der Welpen in den ersten Lebenswochen, sowie zur ersten Impfung f\u00fchren wir auf Wunsch auch gern Hausbesuche durch.\n<\/p><\/div> <div  class=\"col-sm-6 space-bottom\"> <h5  class=\"\">ELISA Tests<\/h5> <p  class=\"\">Direkt und minutenschnelle ELISA Tests zu Parvovirose, Giardien, Herzwerte, FIV\/FeLV, Herzwurm, Pankreaslipase, etc bei uns in der Praxis<\/p><\/div> <div  class=\"col-sm-6\"> <h5  class=\"\">Franz\u00f6sische Bulldoggen<\/h5> <p  class=\"\">Als verantwortliche Praxis betreuen wir einen Verein f\u00fcr franz\u00f6sische Bulldoggen und sind Gutachter f\u00fcr alle zuchtrelevanten Untersuchungen (Keilwirbel, Patella, Trachea, Spondylose, Gaumensegel, etc.).<\/p><\/div> <\/div><\/div> <div  class=\"col-sm-6 flexbox around-xs top-xs space-bottom-xs\"><div  class=\"overlay-box flexbox middle-xs center-xs overlay-holder\"> <div  class=\"overlay-box-offset offset-background shadow-medium bg-color2 hide-xs\"><\/div> <img decoding=\"async\"  class=\"flexbox shadow-large img1\" data-size=\"485x632\" src=\"https:\/\/tierarzt-harz.de\/wp-content\/uploads\/2022\/02\/cropped-Idexx_3-scaled-2.jpg\" title=\"cropped-Idexx_3-scaled-2.jpg\" alt=\"\"><\/div> <\/div><\/div> <\/div><\/div><div  data-label=\"Ultraschall\" data-id=\"about--2\" data-export-id=\"about-image-text\" data-category=\"about\" class=\"about-image-text content-section content-section-spacing\" id=\"ultraschall\" style=\"background-color: rgb(245, 250, 253);\"><div  class=\"gridContainer\"> <div  class=\"row\"><div  class=\"col-sm-6 flexbox-strech center-xs middle-xs no-gutter-col\"> <div  class=\"shadow-large overlap-right-large flexbox middle-xs center-xs left-img\" data-bg=\"image\" style=\"background-image: url(&quot;https:\/\/tierarzt-harz.de\/wp-content\/uploads\/2021\/09\/41-Team-41-von-65_c.jpg&quot;);\"><\/div><\/div> <div  class=\"col-sm-6 space-bottom-xs col-padding-small-xs col-sm-padding-large bg-color5 white-text content-col\" data-type=\"column\"><h5  class=\"\">DIAGNOSTIK<\/h5> <h2  class=\"no-after\"><span  style=\"font-family: &quot;Playfair Display&quot;, arial, helvetica, sans-serif; font-weight: 700; font-style: italic;\">Hochwertige<\/span>&nbsp;<br ><span  href=\"#\" style=\"font-family: Muli, arial, helvetica, sans-serif; font-weight: 400;\">Ultraschalldiagnostik<\/span><\/h2> <p  class=\"\">Wir bieten in unseren Praxen Herzultraschalldiagnostik und Bauchultraschalldiagnostik mit modernsten Ultraschallsystemen.<\/p><\/div> <\/div><\/div> <\/div><div  data-label=\"Sonstiges\" data-id=\"overlappable--1\" data-export-id=\"overlappable-2\" data-category=\"overlappable\" class=\"overlappable-2 content-section content-section-spacing\" data-overlap=\"true\" id=\"sonstiges\" style=\"background-color: rgb(255, 255, 255);\"><div  class=\"gridContainer\"> <div  class=\"row middle-sm shadow-medium bg-color-white\"><div  class=\"col-xs-12 col-sm-4 top-sm col-padding col-padding-xs\" data-type=\"column\"> <h3  class=\"font-300\">Neben allgemeinen Untersuchungen bieten wir <span  style=\"font-family: &quot;Playfair Display&quot;, arial, helvetica, sans-serif; font-style: italic; font-weight: 700;\">umfangreiche Diagnostik<\/span>, <span  style=\"font-style: italic;\">Operationen<\/span> und <span  style=\"font-weight: 700;\">Zuchtberatung<\/span><\/h3>  <a class=\"button color1\" href=\"https:\/\/www.tierarzt-harz.de\/vcard.vcf\" target=\"_blank\" data-cp-link=\"1\" data-icon=\"fa-address-card-o\" rel=\"noopener\"><span  class=\"button-icon fa fa-address-card-o\"><\/span>Visitenkarte herunterladen<\/a><\/div> <div  class=\"col-xs-12 col-sm-8\"><div  data-type=\"row\" class=\"row\"> <div  class=\"col-xs-12 col-sm-6 col-padding col-padding-small-xs\"><i  class=\"fa icon fa-search bordered round color1\"><\/i> <h5  class=\"\">Allgemeine Untersuchungen<\/h5> <p  class=\"\">Wir f\u00fchren Gesundheitsuntersuchungen durch, bieten Notfallbehandlungen, Impfungen, implantation von Transpondern und vieles mehr an!<\/p><\/div> <div  class=\"col-xs-12 col-sm-6 col-padding col-padding-small-xs\"><i  class=\"fa icon fa-heartbeat bordered round color1\"><\/i> <h5  class=\"\">Diagnostik<\/h5> <p  class=\"\">Blutuntersuchungen, digitales R\u00f6ntgen (HD-R\u00f6ntgen), Ultraschalluntersuchungen und Kotuntersuchungen ist nur eine Auswahl unseres Portfolios.<\/p><\/div> <div  class=\"col-xs-12 col-sm-6 col-padding col-padding-small-xs\"><i  class=\"fa icon fa-ambulance bordered round color1\"><\/i> <h5  class=\"\">Operationen<\/h5> <p  class=\"\">Weichteil- und Knochenchirurgie, Kastrationen, Tumor-Operationen sowie Zahnoperationen und Elektrochirurgie<\/p><\/div> <div  class=\"col-xs-12 col-sm-6 col-padding col-padding-small-xs\"> <i  class=\"fa icon fa-transgender bordered round color1\"><\/i> <h5  class=\"\">Zuchtberatung<\/h5> <p  class=\"\">Von der Wurfplanung bis zur Geburt bieten wir Progesteronwertmessung, Vaginalzytologie, Sonografie sowie im Notfall Kaiserschnitte an.&nbsp;<\/p><\/div> <\/div><\/div> <\/div><\/div> <\/div><div data-label=\"Meerschweine\" data-id=\"about--4\" data-export-id=\"about-9\" data-category=\"about\" class=\"about-9 content-section content-section-spacing\" id=\"meerschweine\"  style=\"background-color: rgb(255, 255, 255);\"><div class=\"gridContainer\" > <div class=\"row middle-sm text-center\" ><div class=\"col-sm-5 space-bottom-xs content-column content-right-sm\" data-type=\"column\" > <h5 class=\"\" >Zuchtberatung<\/h5> <h2 class=\"\"  style=\"border-bottom-color: rgb(100, 171, 40);\">Spezialgebiet<br > <span style=\"font-family: Playfair Display,sans-serif; font-weight: 700; font-style: italic;\" href=\"#\" >kleine Heimtiere<\/span><\/h2> <p class=\"\" >Zus\u00e4tzlich zu Hunden und Katzen sind spezialisiert auf kleine Heimtiere (Kaninchen, Meerschweinchen, Frettchen und Co)<br >\nHier bieten wir Kastrationen m\u00e4nnlicher und weiblicher Tiere an, so wie Blutuntersuchungen, Tumoroperationen, Harnsteinoperationen und alles sonst medizinisch Notwendige.<\/p> <\/div> <div class=\"col-sm-7 flexbox flexbox middle-xs center-xs space-bottom-xs\" ><div class=\"overlay-box flexbox middle-xs center-xs overlay-holder \" > <div class=\"overlay-box-offset offset-background shadow-medium bg-color2 hide-xs\" ><\/div> <img decoding=\"async\" class=\"flexbox shadow-large img1\" src=\"https:\/\/tierarzt-harz.de\/wp-content\/uploads\/2022\/10\/cropped-meerschwein.jpg\" data-size=\"600x400\"  title=\"cropped-meerschwein.jpg\" alt=\"\"><\/div> <\/div><\/div> <\/div><\/div><div  data-label=\"Rosengarten\" data-id=\"about--3\" data-export-id=\"about-image-text\" data-category=\"about\" class=\"about-image-text content-section content-section-spacing\" id=\"rosengarten\" style=\"background-color: rgb(245, 250, 253);\"><div  class=\"gridContainer\"> <div  class=\"row\"><div  class=\"col-sm-6 flexbox-strech center-xs middle-xs no-gutter-col\"> <div  class=\"shadow-large overlap-right-large flexbox middle-xs center-xs left-img\" data-bg=\"image\" style=\"background-image: url(&quot;https:\/\/tierarzt-harz.de\/wp-content\/uploads\/2022\/06\/cropped-c_rosengarten_portrait_colour_rgb-scaled-2.jpg&quot;);\"><\/div><\/div> <div  class=\"col-sm-6 space-bottom-xs col-padding-small-xs col-sm-padding-large bg-color5 white-text content-col\" data-type=\"column\"><h5  class=\"\">Partnerschaft<\/h5> <h2  class=\"\" style=\"border-bottom-color: rgb(255, 255, 255);\">W\u00fcrdevolle Kremierung ihres Tieres<\/h2> <p  class=\"\">Das Thema Tod betrifft uns alle irgendwann. Doch gesprochen wird dar\u00fcber meist nicht. Ist es so weit und ein geliebtes Tier verstirbt, dann wei\u00df man nicht, wohin mit seinen Emotionen. In dieser Phase w\u00fcnscht man sich einen Ort der Geborgenheit und Sicherheit. Die ROSENGARTEN-Tierbestattung hat genau so einen Ort geschaffen: den Rosengarten.\n<\/p><a class=\"button color3\" href=\"https:\/\/www.rosengarten-tierbestattung.de\" target=\"_blank\" data-cp-link=\"1\" data-icon=\"\" rel=\"noopener\">ROSENGARTEN-Tierbestattung<\/a><\/div> <\/div><\/div> <\/div>","protected":false},"excerpt":{"rendered":"<p>UNSER LEISTUNGSSPEKTRUM Mit aktueller Technologie und fundierten Kenntnissen&nbsp;f\u00fcr Sie im Einsatz Regelm\u00e4\u00dfigen Weiterbildungen sowie aktuelle Behandlungsmethoden &amp; Technologien erm\u00f6glichen eine umfassende Behandlung unserer Patienten. Zuchtberatung und Betreuung von Deckakt bis Geburt oder Kaiserschnitt Durch langj\u00e4hrige Betreuung vieler verschiedener Z\u00fcchter:innen unterschiedlichster Rassen sind wir zu einer beliebten und gesch\u00e4tzten Anlaufstelle f\u00fcr Z\u00fcchter:innen aus der Region und&hellip; <br \/> <a class=\"read-more\" href=\"https:\/\/tierarzt-harz.de\/?page_id=138\">Read more<\/a><\/p>\n","protected":false},"author":1,"featured_media":0,"parent":0,"menu_order":0,"comment_status":"closed","ping_status":"closed","template":"pro\/page-templates\/full-width-page.php","meta":{"footnotes":""},"class_list":["post-138","page","type-page","status-publish","hentry"],"_links":{"self":[{"href":"https:\/\/tierarzt-harz.de\/index.php?rest_route=\/wp\/v2\/pages\/138","targetHints":{"allow":["GET"]}}],"collection":[{"href":"https:\/\/tierarzt-harz.de\/index.php?rest_route=\/wp\/v2\/pages"}],"about":[{"href":"https:\/\/tierarzt-harz.de\/index.php?rest_route=\/wp\/v2\/types\/page"}],"author":[{"embeddable":true,"href":"https:\/\/tierarzt-harz.de\/index.php?rest_route=\/wp\/v2\/users\/1"}],"replies":[{"embeddable":true,"href":"https:\/\/tierarzt-harz.de\/index.php?rest_route=%2Fwp%2Fv2%2Fcomments&post=138"}],"version-history":[{"count":14,"href":"https:\/\/tierarzt-harz.de\/index.php?rest_route=\/wp\/v2\/pages\/138\/revisions"}],"predecessor-version":[{"id":397,"href":"https:\/\/tierarzt-harz.de\/index.php?rest_route=\/wp\/v2\/pages\/138\/revisions\/397"}],"wp:attachment":[{"href":"https:\/\/tierarzt-harz.de\/index.php?rest_route=%2Fwp%2Fv2%2Fmedia&parent=138"}],"curies":[{"name":"wp","href":"https:\/\/api.w.org\/{rel}","templated":true}]}}